ulate x(-2).
4
Let z(p) = 2*p**3 + 2*p**2 + p + 1. Determine z(-2).
-9
Let c(z) = 12*z**3 - z**2 - 2*z - 1. Determine c(-1).
-12
Let k(r) = -r**2 - 10*r + 10. Calculate k(5).
-65
Let k(j) = 12*j + 2. Determine k(-2).
-22
Let r(j) = 14*j - 854. What is r(61)?
0
Let k(o) = -12*o + 24. What is k(5)?
-36
Let v(f) = -2*f**2 - f - 5. Give v(2).
-15
Let c(s) = -3*s + 12. Determine c(12).
-24
Let f(w) = -2*w**2 + 30*w - 27. Calculate f(12).
45
Let y(w) = 2*w**2 - 4*w - 56. Give y(0).
-56
Let n(j) = -j**3 - 38*j**2 - 34*j + 118. Calculate n(-37).
7
Let q(l) = l**3 - 3*l**2 - 7*l + 5. Determine q(5).
20
Let v(p) = p**3 + 7*p**2 - 8*p + 2. Determine v(-8).
2
Let w(m) = m**3 - 16*m**2 - 37*m + 23. Determine w(18).
5
Let w(x) = 2*x + 3. Give w(-3).
-3
Let g(p) = -6*p**2 + 58*p + 21. What is g(10)?
1
Let o(t) = -t - 1. Calculate o(-1).
0
Let s(n) = -n**2 + 14*n + 12. Calculate s(15).
-3
Let s(v) = v**2 + 9*v - 4. Determine s(-8).
-12
Let r(v) = -2*v**3 + 16*v**2 + 2. Give r(8).
2
Let k(r) = 27*r + 435. Calculate k(-16).
3
Let i(a) = -a**3 - 7*a**2 - 10*a + 5. Give i(-4).
-3
Let f(u) = -u**2 + 17*u + 53. Give f(-3).
-7
Let z(j) = 2*j**3 + 5*j**2 + 6*j + 4. Give z(-3).
-23
Let d(n) = n**3 - 38*n**2 + 24*n - 916. What is d(38)?
-4
Let q(b) = b - 3. Give q(-3).
-6
Let d(u) = -2*u**2 + 3*u. Determine d(2).
-2
Let j(h) = -h**3 + 16*h**2 - 17*h + 25. Determine j(15).
-5
Let q(p) = -p**3 - 9*p**2 - 7*p + 13. Calculate q(-8).
5
Let n(x) = -x + 21. Determine n(10).
11
Let n(w) = -6*w**2 + 19*w - 8. Calculate n(4).
-28
Let s(f) = f**2 - 18*f - 3. Determine s(17).
-20
Let t(r) = 2*r**2 + 16*r - 2. Determine t(-8).
-2
Let j(n) = n**3 + 6*n**2 + 5*n - 10. Give j(-3).
2
Let q(v) = v**2 + 14*v - 126. Calculate q(6).
-6
Let r(u) = -u**2 - 8*u - 9. What is r(-6)?
3
Let x(p) = -11*p - 56. What is x(0)?
-56
Let r(v) = -2*v**2 + 35*v + 669. Give r(29).
2
Let t(p) = -p. Calculate t(-4).
4
Let k(o) = 3*o - 18. Give k(10).
12
Let t(z) = -z**3 - 12*z + 26. Give t(2).
-6
Let g(l) = -l**3 + 10*l**2 - 7*l - 21. Give g(9).
-3
Let i(u) = u**3 - 3*u**2 - 3*u + 3. Determine i(3).
-6
Let y(r) = -r**3 + 9*r**2 - 4*r. Determine y(4).
64
Let i(f) = -f**2 + 2*f - 38. Calculate i(-5).
-73
Let b(n) = -n**3 + 14*n**2 + 13*n. Give b(15).
-30
Let b(y) = y**3 - 6*y**2 - 11. Determine b(6).
-11
Let h(m) = -m**3 - 10*m**2 + 9*m - 13. Calculate h(-11).
9
Let h(q) = -q**3 - 3*q**2 - 5*q - 4. Calculate h(-3).
11
Let u(z) = 5*z**3 - z**2 - z + 2. What is u(2)?
36
Let l(x) = 4*x + 12. Give l(-3).
0
Let l(a) = 7*a - 10. Calculate l(4).
18
Let n(v) = -v**3 + v**2 + 14*v + 2. Give n(-3).
-4
Let b(x) = x**2 - 35*x + 80. Give b(33).
14
Let x(a) = -13*a + 110. What is x(9)?
-7
Let y(d) = -d**2. Give y(2).
-4
Let l(m) = -m**3 + 2*m**2 - 1. Give l(-1).
2
Let w(l) = -3*l + 152. Determine w(53).
-7
Let n(p) = 16*p + 7. Give n(2).
39
Let v(n) = 24*n - 10. Determine v(0).
-10
Let r(y) = y**3 + 5*y**2 + 7*y + 4. Calculate r(-4).
-8
Let t(i) = 2*i**2 + 12*i - 10. Determine t(-9).
44
Let x(i) = i**3 - 14*i**2 + 35*i - 3. What is x(11)?
19
Let q(g) = g + 7. Calculate q(7).
14
Let f(h) = h**2 + 5*h + 7. Determine f(-1).
3
Let p(s) = -s**3 - 14*s**2 + 27*s - 74. Determine p(-16).
6
Let d(n) = n**2 + 3*n - 12. Determine d(-5).
-2
Let l(j) = j**3 - j**2 - j + 5. What is l(3)?
20
Let f(o) = -o**3 - 9*o**2 + 13*o + 32. What is f(-10)?
2
Let t(o) = -2*o**3 - o**2 + o + 3. Determine t(2).
-15
Let c(a) = 5*a - 61. What is c(0)?
-61
Let w(o) = -o + 31. What is w(-12)?
43
Let y(g) = 2*g**3 + 5*g**2 + 4*g + 1. Calculate y(-3).
-20
Let l(i) = 3*i**2 + 58*i - 122. What is l(2)?
6
Let f(q) = -q**3 + 14*q**2 + 27*q + 82. Determine f(16).
2
Let q(d) = 6*d - 4. Give q(4).
20
Let l(m) = m**3 + 12*m**2 + 6*m - 20. Calculate l(-11).
35
Let z(g) = -10*g - 10. Determine z(-5).
40
Let k(b) = -2*b**2 - 2*b + 5. Give k(3).
-19
Let x(k) = 2*k**2 - k + 5. Calculate x(-5).
60
Let z(r) = -4*r**2 + 24*r - 2. Calculate z(6).
-2
Let l(g) = g**3 + 42*g**2 + 45*g + 168. Determine l(-41).
4
Let c(r) = -4*r. Determine c(2).
-8
Let d(h) = -h**2 - 10*h - 19. Give d(-8).
-3
Let r(q) = -q**3 - 4*q**2 + 15*q + 17. Determine r(-6).
-1
Let y(o) = -51*o - 50. What is y(-1)?
1
Let c(p) = -5*p - 29. Give c(-17).
56
Let u(t) = 17*t + 2. Give u(0).
2
Let m(y) = -y**2 - 12*y + 14. What is m(-14)?
-14
Let h(a) = a**2 + 4*a - 4. Calculate h(-4).
-4
Let d(p) = p**3 + 7*p**2 + p. Give d(-7).
-7
Let p(b) = b**2 + 8*b + 17. Calculate p(-6).
5
Let b(v) = -18*v**2 + 2*v + 1. Determine b(2).
-67
Let h(p) = 3*p + 7. Calculate h(-8).
-17
Let h(s) = s**3 - 4*s**2 - 14*s + 6. Determine h(6).
-6
Let y(o) = 5*o + 24. What is y(-6)?
-6
Let p(x) = -153*x - 300. Calculate p(-2).
6
Let b(q) = -137*q + 1919. Determine b(14).
1
Let x(r) = r**3 - 18*r**2 + 18*r - 33. Determine x(17).
-16
Let a(g) = g**3 - 6*g**2 - 13*g + 10. Give a(8).
34
Let y(l) = l**3 - 17*l**2 - 16*l - 38. Calculate y(18).
-2
Let n(l) = 3*l - 48. What is n(15)?
-3
Let l(m) = -35*m + 212. Give l(6).
2
Let u(m) = -4*m - 41. Give u(-12).
7
Let n(q) = -18*q - 2. Calculate n(-1).
16
Let p(x) = 4*x + 5. Calculate p(-4).
-11
Let q(w) = w**2 + 29*w + 9. Calculate q(-28).
-19
Let l(z) = -z**3 - 9*z**2 + 2*z - 9. Calculate l(-9).
-27
Let c(g) = -g**2 + 11*g + 4. Calculate c(10).
14
Let a(f) = 81*f + 150. Give a(-2).
-12
Let z(a) = -a**2 - 24*a - 125. Calculate z(-12).
19
Let w(x) = x**2 + 11*x + 22. Determine w(-9).
4
Let f(t) = -t**3 + 4*t**2 - t + 11. Give f(4).
7
Let b(f) = f**2 + 10*f + 5. What is b(-8)?
-11
Let y(p) = -4*p**2 + 16*p - 10. What is y(6)?
-58
Let u(r) = -r**2 - 11*r + 14. Give u(-9).
32
Let h(g) = -2*g**2 + 16*g - 34. Calculate h(5).
-4
Let b(z) = -2*z - 22. Determine b(-9).
-4
Let y(m) = m**2 - 15*m + 22. Give y(2).
-4
Let h(b) = 7*b + 5. Determine h(-4).
-23
Let b(x) = -x**3 + 8*x**2 + 4*x - 7. What is b(8)?
25
Let d(s) = s**2 + 43*s - 181. Give d(5).
59
Let a(w) = w**2 - 6*w + 9. Give a(5).
4
Let f(w) = w**3 + 3*w**2 + 5*w + 6. Calculate f(-3).
-9
Let o(g) = -29*g - 456. Determine o(-16).
8
Let w(c) = -2*c**2 - 8*c - 37. Determine w(-4).
-37
Let y(b) = -b + 24. Calculate y(13).
11
Let n(q) = 7*q - 76. Give n(10).
-6
Let x(o) = -14*o**2 + 7*o + 7. Give x(-1).
-14
Let r(y) = -2*y**3 - y**2 + 8*y - 5. Give r(3).
-44
Let h(y) = 4*y + 18. Calculate h(-8).
-14
Let w(u) = u**3 + u**2 - u - 2. Give w(-2).
-4
Let v(k) = -k**2 + 4*k + 134. What is v(-10)?
-6
Let m(f) = f**2 - 4*f - 3. Give m(-2).
9
Let z(h) = 8*h - 11. Give z(-8).
-75
Let z(g) = 30*g - 22. Calculate z(7).
188
Let c(x) = x - 8. What is c(11)?
3
Let r(s) = -s**3 + 10*s**2 + 9. Give r(9).
90
Let f(g) = -5*g - 43. Determine f(-6).
-13
Let t(d) = d**2 + 9*d - 2. Calculate t(-6).
-20
Let q(r) = r**3 - 4*r**2 - 4*r - 27. Calculate q(5).
-22
Let n(i) = i**2 + i - 9. What is n(-5)?
11
Let p(b) = -b**3 + 38*b**2 + 78*b + 76. Determine p(40).
-4
Let y(s) = 2*s**3 - 10*s**2 + s - 3. What is y(5)?
2
Let w(x) = x**3 - 11*x**2 + 7*x + 12. Calculate w(8).
-124
Let s(p) = p**2 + 9*p - 20. Calculate s(-6).
-38
Let f(r) = -7*r**2 + 4. Give f(-2).
-24
Let s(n) = -3*n - 5. Determine s(2).
-11
Let s(i) = -i**3 + 17*i**2 - 15*i - 10. Give s(16).
6
Let g(t) = -20*t + 7. Calculate g(2).
-33
Let y(o) = -o**3 + o**2 + 6. Give y(0).
6
Let p(r) = -r**2 - 9*r - 1. What is p(-6)?
17
Let h(f) = -f**2 - 2*f + 2. Determine h(-5).
-13
Let l(h) = -h**3 - 18*h**2 - 16*h + 5. Determine l(-17).
-12
Let t(h) = -h**3 - 9*h**2 + 3*h + 18. Give t(-9).
-9
Let a(g) = -g**2 + 12*g - 30. Calculate a(6).
6
Let z(g) = -g**2 + 6*g. Give z(6).
0
Let m(j) = j**3 - 9*j**2 + 3*j + 17. Give m(8).
-23
Let a(b) = 2*b**2 + 28*b + 20. Determine a(-14).
20
Let l(q) = -q - 15. Determine l(-28).
13
Let b(u) = u**2 - 32*u + 176. Determine b(24).
-16
Let t(v) = -v**2 + 2*v - 29. Determine t(0).
-29
Let t(h) = 4*h - 19. Determine t(4).
-3
Let i(t) = 2*t**3 - 15*t**2 + 8*t - 6. What is i(7)?
1
Let f(w) = w**2 - 17*w - 292. Calculate f(-10).
-22
Let m(r) = 12*r**2 - r + 2. Calculate m(1).
13
Let x(j) = 3*j - 11. Determine x(-1).
-14
Let f(u) = u**2 - 10*u + 17. What is f(7)?
-4
Let k(u) = -u**3 - 4*u**2 + 10*u - 11. Give k(-5).
-36
Let z(i) = -i**3 + 4*i**2 + i + 1. Determine z(3).
13
Let w(t) = 2*t**2 - 20*t + 51. Give w(7).
9
Let s(m) = -25*m - 32. Determine s(0).
-32
Let g(k) = -12*k + 57. Calculate g(4).
9
Let